{"id":11,"date":"2022-09-24T17:09:23","date_gmt":"2022-09-24T15:09:23","guid":{"rendered":"https:\/\/gabinettwojachwila.pl\/?page_id=11"},"modified":"2022-09-24T17:38:55","modified_gmt":"2022-09-24T15:38:55","slug":"zmieniamy-sie-dla-ciebie","status":"publish","type":"page","link":"https:\/\/gabinettwojachwila.pl\/","title":{"rendered":"Zmieniamy si\u0119 dla Ciebie"},"content":{"rendered":"\n<h2 class=\"has-text-align-center ticss-1205019b wp-block-heading\">Tworzymy dla Ciebie now\u0105 stron\u0119. <\/h2>\n\n\n<div class=\"wp-block-image\">\n<figure class=\"aligncenter size-large is-resized\"><img loading=\"lazy\" decoding=\"async\" src=\"https:\/\/gabinettwojachwila.pl\/wp-content\/uploads\/2022\/09\/twoja-chwila_logo-1-prostokat-1-1024x520.png\" alt=\"\" class=\"wp-image-36\" width=\"512\" height=\"260\" srcset=\"https:\/\/gabinettwojachwila.pl\/wp-content\/uploads\/2022\/09\/twoja-chwila_logo-1-prostokat-1-1024x520.png 1024w, https:\/\/gabinettwojachwila.pl\/wp-content\/uploads\/2022\/09\/twoja-chwila_logo-1-prostokat-1-300x152.png 300w, https:\/\/gabinettwojachwila.pl\/wp-content\/uploads\/2022\/09\/twoja-chwila_logo-1-prostokat-1-768x390.png 768w, https:\/\/gabinettwojachwila.pl\/wp-content\/uploads\/2022\/09\/twoja-chwila_logo-1-prostokat-1.png 1422w\" sizes=\"auto, (max-width: 512px) 100vw, 512px\" \/><\/figure>\n<\/div>\n\n\n<h3 class=\"has-text-align-center ticss-8b325b3e wp-block-heading\">Skontaktuj si\u0119 z nami tutaj:<\/h3>\n\n\n\n<div class=\"wp-block-columns is-layout-flex wp-container-core-columns-is-layout-9d6595d7 wp-block-columns-is-layout-flex\">\n<div class=\"wp-block-column is-layout-flow wp-block-column-is-layout-flow\"><\/div>\n<\/div>\n\n\n\n<div class=\"wp-block-columns is-layout-flex wp-container-core-columns-is-layout-9d6595d7 wp-block-columns-is-layout-flex\">\n<div class=\"wp-block-column is-layout-flow wp-block-column-is-layout-flow\"><\/div>\n<\/div>\n\n\n\n<div id=\"wp-block-themeisle-blocks-advanced-columns-a451f466\" class=\"wp-block-themeisle-blocks-advanced-columns has-1-columns has-desktop-equal-layout has-tablet-equal-layout has-mobile-equal-layout has-vertical-unset\"><div class=\"wp-block-themeisle-blocks-advanced-columns-overlay\"><\/div><div class=\"innerblocks-wrap\">\n<div id=\"wp-block-themeisle-blocks-advanced-column-88c7657b\" class=\"wp-block-themeisle-blocks-advanced-column\">\n<p class=\"has-text-align-center\">tel: <a href=\"tel:583522924\">58 352 29 24<\/a><\/p>\n\n\n\n<p class=\"has-text-align-center\">email: <a href=\"mailto:info@gabinettwojachwila.pl\">info@gabinettwojachwila.pl<\/a><\/p>\n<\/div>\n<\/div><\/div>\n\n\n\n<p class=\"has-text-align-center\">Facebook: <a href=\"https:\/\/www.facebook.com\/GabinetTwojaChwila\">Gabinet dla d\u0142oni i st\u00f3p &#8220;Twoja chwila&#8221;<\/a><\/p>\n","protected":false},"excerpt":{"rendered":"<p>Tworzymy dla Ciebie now\u0105 stron\u0119. Skontaktuj si\u0119 z nami tutaj: Facebook: Gabinet dla d\u0142oni i st\u00f3p &#8220;Twoja chwila&#8221;<\/p>\n","protected":false},"author":1,"featured_media":0,"parent":0,"menu_order":0,"comment_status":"closed","ping_status":"closed","template":"templates\/wpmm-page-template.php","meta":{"_themeisle_gutenberg_block_has_review":false,"footnotes":""},"class_list":["post-11","page","type-page","status-publish","hentry"],"_links":{"self":[{"href":"https:\/\/gabinettwojachwila.pl\/index.php?rest_route=\/wp\/v2\/pages\/11","targetHints":{"allow":["GET"]}}],"collection":[{"href":"https:\/\/gabinettwojachwila.pl\/index.php?rest_route=\/wp\/v2\/pages"}],"about":[{"href":"https:\/\/gabinettwojachwila.pl\/index.php?rest_route=\/wp\/v2\/types\/page"}],"author":[{"embeddable":true,"href":"https:\/\/gabinettwojachwila.pl\/index.php?rest_route=\/wp\/v2\/users\/1"}],"replies":[{"embeddable":true,"href":"https:\/\/gabinettwojachwila.pl\/index.php?rest_route=%2Fwp%2Fv2%2Fcomments&post=11"}],"version-history":[{"count":22,"href":"https:\/\/gabinettwojachwila.pl\/index.php?rest_route=\/wp\/v2\/pages\/11\/revisions"}],"predecessor-version":[{"id":42,"href":"https:\/\/gabinettwojachwila.pl\/index.php?rest_route=\/wp\/v2\/pages\/11\/revisions\/42"}],"wp:attachment":[{"href":"https:\/\/gabinettwojachwila.pl\/index.php?rest_route=%2Fwp%2Fv2%2Fmedia&parent=11"}],"curies":[{"name":"wp","href":"https:\/\/api.w.org\/{rel}","templated":true}]}}